
{"id":104,"date":"2014-06-30T09:45:12","date_gmt":"2014-06-30T07:45:12","guid":{"rendered":"http:\/\/asterix.klappmedia.no\/selli\/?page_id=104"},"modified":"2024-09-18T13:37:43","modified_gmt":"2024-09-18T11:37:43","slug":"kvalitetspolitikk","status":"publish","type":"page","link":"https:\/\/selli.no\/?page_id=104","title":{"rendered":"Kvalitetspolitikk"},"content":{"rendered":"<p>Selli Rehabiliteringssenter AS skal gjennom kvalitet fremst\u00e5 som det naturlige valg for rehabilitering av pasienter. Alt arbeid som utf\u00f8res skal gi uttrykk for kvalitet.<br \/>\nP\u00e5 denne m\u00e5ten vil vi vinne og opprettholde v\u00e5re kunders tillit til oss som leverand\u00f8r og samarbeidspartner.<br \/>\nKvalitet er v\u00e5rt middel for l\u00f8nnsom drift.<\/p>\n<p>Dette s\u00f8ker vi \u00e5 oppn\u00e5 gjennom f\u00f8lgende delm\u00e5l:<\/p>\n<ul>\n<li>Ledergruppen trekker opp hovedretningslinjer for kvalitetsarbeidet.<\/li>\n<li>Kvalitets-krav og m\u00e5l settes innenfor alle avdelinger og evalueres jevnlig. Kvalitets-krav og m\u00e5l skal gjenspeile\u00a0kvalitetspolitikken.<\/li>\n<li>Kvalitetssystemet tilfredsstiller NS-ISO 9001:2015, men er ikke begrenset av denne standard.<\/li>\n<li>Kvalitetssystemet er dokumentert og revideres planmessig.<\/li>\n<li>Gjennom kompetanseheving s\u00f8rger vi for at ledere og medarbeidere er kvalifisert til \u00e5 ivareta sine arbeidsoppgaver.<\/li>\n<li>Mottakelsen er planlagt og forberedt f\u00f8r pasienten kommer.<\/li>\n<li>Alle pasienter f\u00e5r tilpasset et individuelt behandlingsopplegg basert p\u00e5 m\u00e5lsettinger og funksjonsniv\u00e5. Opplegget utarbeides av det tverrfaglige teamet i samr\u00e5d med pasienten.<\/li>\n<li>Ved utskrivning f\u00e5r pasienten r\u00e5d om videre medisinsk oppf\u00f8lging.<\/li>\n<li>Det sendes epikrise og tilr\u00e5ding vedr\u00f8rende fortsatt behandlings- og opptreningsprogram til henvisende lege og til pasientens fastlege. Pasienten f\u00e5 kopi av epikrisen.<\/li>\n<\/ul>\n","protected":false},"excerpt":{"rendered":"<p>Selli Rehabiliteringssenter AS skal gjennom kvalitet fremst\u00e5 som det naturlige valg for rehabilitering av pasienter. Alt arbeid som utf\u00f8res skal gi uttrykk for kvalitet. P\u00e5 denne m\u00e5ten vil vi vinne og opprettholde v\u00e5re kunders tillit til oss som leverand\u00f8r og samarbeidspartner. Kvalitet er v\u00e5rt middel for l\u00f8nnsom drift. Dette s\u00f8ker vi \u00e5 oppn\u00e5 gjennom f\u00f8lgende [&hellip;]<\/p>\n","protected":false},"author":1,"featured_media":0,"parent":25,"menu_order":3,"comment_status":"closed","ping_status":"closed","template":"tpl-side-menu.php","meta":{"_acf_changed":false,"footnotes":""},"class_list":["post-104","page","type-page","status-publish","hentry"],"acf":[],"_links":{"self":[{"href":"https:\/\/selli.no\/index.php?rest_route=\/wp\/v2\/pages\/104","targetHints":{"allow":["GET"]}}],"collection":[{"href":"https:\/\/selli.no\/index.php?rest_route=\/wp\/v2\/pages"}],"about":[{"href":"https:\/\/selli.no\/index.php?rest_route=\/wp\/v2\/types\/page"}],"author":[{"embeddable":true,"href":"https:\/\/selli.no\/index.php?rest_route=\/wp\/v2\/users\/1"}],"replies":[{"embeddable":true,"href":"https:\/\/selli.no\/index.php?rest_route=%2Fwp%2Fv2%2Fcomments&post=104"}],"version-history":[{"count":1,"href":"https:\/\/selli.no\/index.php?rest_route=\/wp\/v2\/pages\/104\/revisions"}],"predecessor-version":[{"id":1632,"href":"https:\/\/selli.no\/index.php?rest_route=\/wp\/v2\/pages\/104\/revisions\/1632"}],"up":[{"embeddable":true,"href":"https:\/\/selli.no\/index.php?rest_route=\/wp\/v2\/pages\/25"}],"wp:attachment":[{"href":"https:\/\/selli.no\/index.php?rest_route=%2Fwp%2Fv2%2Fmedia&parent=104"}],"curies":[{"name":"wp","href":"https:\/\/api.w.org\/{rel}","templated":true}]}}