
{"id":25,"date":"2014-06-16T14:58:19","date_gmt":"2014-06-16T12:58:19","guid":{"rendered":"http:\/\/asterix.klappmedia.no\/selli\/?page_id=25"},"modified":"2023-03-03T09:37:57","modified_gmt":"2023-03-03T08:37:57","slug":"om-selli","status":"publish","type":"page","link":"https:\/\/selli.no\/?page_id=25","title":{"rendered":"Om Selli"},"content":{"rendered":"<p><b style=\"font-weight: 600;\">Selli Rehabiliteringssenter AS i korte trekk fra 1953 til i dag<\/b><\/p>\n<p>&nbsp;<\/p>\n<p>Eiendommen ble f\u00f8rste gang brukt i vikingtiden. Det er spor etter flere graver i n\u00e6romr\u00e5det.<\/p>\n<p>&nbsp;<\/p>\n<p>Sellis n\u00e5v\u00e6rende historie, starter like etter krigen og har sitt utspring i at det ble bestemt at det skulle bygges en stor sentralinstitusjon for psykisk utviklingshemmede i Kl\u00e6bu.<\/p>\n<p>Institusjonen fikk navnet Kl\u00e6bu Pleie og Arbeidshjem, men skiftet senere navn til Hallsetheimen.<\/p>\n<p>I forbindelse med dette ble g\u00e5rden Halset ekspropriert.<\/p>\n<p>Martin og Kristine Selli som drev g\u00e5rden Halset kj\u00f8pte da en eiendom i sentrum hvor Selli n\u00e5 ligger og etablerte i 1953 pensjonat og kaf\u00e9 her.<\/p>\n<p>Dette drev de frem til 1966.<\/p>\n<p><a href=\"https:\/\/selli.no\/app\/uploads\/2014\/06\/Bilde1.jpg\"><img decoding=\"async\" class=\"alignnone size-medium wp-image-404\" src=\"https:\/\/selli.no\/app\/uploads\/2014\/06\/Bilde1-300x184.jpg\" alt=\"Bilde1\" width=\"300\" srcset=\"https:\/\/selli.no\/app\/uploads\/2014\/06\/Bilde1-300x184.jpg 300w, https:\/\/selli.no\/app\/uploads\/2014\/06\/Bilde1-768x471.jpg 768w, https:\/\/selli.no\/app\/uploads\/2014\/06\/Bilde1.jpg 1022w\" sizes=\"(max-width: 300px) 100vw, 300px\" \/><\/a><\/p>\n<p>&nbsp;<\/p>\n<p>Jostein Selli, s\u00f8nn av Martin og Kristine, kj\u00f8pte eiendommen i 1966 og driften gikk som vanlig fram til 1972\/73, da det ble satt i gang med byggetrinn to. Byggetrinn to ble bygget som sykehjem og sto ferdig i 1974.<\/p>\n<p>&nbsp;<\/p>\n<p><a href=\"https:\/\/selli.no\/app\/uploads\/2014\/06\/Bilde2.jpg\"><img decoding=\"async\" class=\"alignnone size-medium wp-image-406\" src=\"https:\/\/selli.no\/app\/uploads\/2014\/06\/Bilde2.jpg\" alt=\"Bilde2\" width=\"300\" srcset=\"https:\/\/selli.no\/app\/uploads\/2014\/06\/Bilde2.jpg 1100w, https:\/\/selli.no\/app\/uploads\/2014\/06\/Bilde2-300x187.jpg 300w, https:\/\/selli.no\/app\/uploads\/2014\/06\/Bilde2-1024x638.jpg 1024w, https:\/\/selli.no\/app\/uploads\/2014\/06\/Bilde2-768x478.jpg 768w\" sizes=\"(max-width: 1100px) 100vw, 1100px\" \/><\/a><\/p>\n<p>&nbsp;<\/p>\n<p>15. november 1975 ble institusjonen godkjent som rekonvalesenthjem i gruppe 1. Pasientgrunnlaget var mennesker som trengte rekreasjon, og en stor del av disse kom tilbake \u00e5r etter \u00e5r.<\/p>\n<p>&nbsp;<\/p>\n<p>Et \u00f8kende behov for mer fysikalsk behandling og trening f\u00f8rte til at det i 1984 ble bygget et tredje byggetrinn med fysikalsk behandlingsavdeling, trenings-basseng, fem pasientrom og en leilighet.<\/p>\n<p>&nbsp;<\/p>\n<p>I 1991 kom det nye forskrifter til rekonvalesenthjem og kurbad.<\/p>\n<p>Alle institusjoner m\u00e5tte s\u00f8ke om ny status og godkjenning. Selli ble godkjent som opptreningsinstitusjon i gruppe 1 1. januar 1992.<\/p>\n<p>&nbsp;<\/p>\n<p>Byggetrinn fire med peisestue, r\u00f8ykerom (FY DA) v\u00e5rt n\u00e5v\u00e6rende bibliotek og \u00e5tte pasientrom ble tatt i bruk 15. februar 1992.<\/p>\n<p>&nbsp;<\/p>\n<p>&nbsp;<\/p>\n<p><a href=\"https:\/\/selli.no\/app\/uploads\/2014\/06\/Bilde3.png\"><img decoding=\"async\" class=\"alignnone size-medium wp-image-407\" src=\"https:\/\/selli.no\/app\/uploads\/2014\/06\/Bilde3.png\" alt=\"Bilde3\" width=\"300\" srcset=\"https:\/\/selli.no\/app\/uploads\/2014\/06\/Bilde3.png 1183w, https:\/\/selli.no\/app\/uploads\/2014\/06\/Bilde3-300x165.png 300w, https:\/\/selli.no\/app\/uploads\/2014\/06\/Bilde3-1024x562.png 1024w, https:\/\/selli.no\/app\/uploads\/2014\/06\/Bilde3-768x421.png 768w\" sizes=\"(max-width: 1183px) 100vw, 1183px\" \/><\/a><\/p>\n<p>&nbsp;<\/p>\n<p>Byggetrinn fem ble ferdigstillt i 2004, og inneholdt ny gymsal, samt 26 pasientrom som tilfredsstiller de \u00f8nsker og krav som dagens pasienter har.<\/p>\n<p>&nbsp;<\/p>\n<p>&nbsp;<\/p>\n<p><a href=\"https:\/\/selli.no\/app\/uploads\/2014\/06\/Bilde4.jpg\"><img decoding=\"async\" class=\"alignnone size-medium wp-image-408\" src=\"https:\/\/selli.no\/app\/uploads\/2014\/06\/Bilde4.jpg\" alt=\"Bilde4\" width=\"300\" srcset=\"https:\/\/selli.no\/app\/uploads\/2014\/06\/Bilde4.jpg 1325w, https:\/\/selli.no\/app\/uploads\/2014\/06\/Bilde4-300x142.jpg 300w, https:\/\/selli.no\/app\/uploads\/2014\/06\/Bilde4-1024x485.jpg 1024w, https:\/\/selli.no\/app\/uploads\/2014\/06\/Bilde4-768x363.jpg 768w\" sizes=\"(max-width: 1325px) 100vw, 1325px\" \/><\/a><\/p>\n<p>&nbsp;<\/p>\n<p>Fra 1. januar 2006 har\u00a0Selli driftet etter avtale med Helse Midt-Norge RHF og inng\u00e5r som en del av rehabiliteringstilbudet p\u00e5 spesialisthelsetjenesteniv\u00e5 i regionen.<\/p>\n<p>&nbsp;<\/p>\n<p>De siste 30 \u00e5r har v\u00e6rt en aktiv periode for Selli og vi h\u00e5per og tror at behovet for v\u00e5re tjenester ogs\u00e5 vil v\u00e6re tilstede i fremtiden.<\/p>\n<p>&nbsp;<\/p>\n","protected":false},"excerpt":{"rendered":"<p>Selli Rehabiliteringssenter AS i korte trekk fra 1953 til i dag &nbsp; Eiendommen ble f\u00f8rste gang brukt i vikingtiden. Det er spor etter flere graver i n\u00e6romr\u00e5det. &nbsp; Sellis n\u00e5v\u00e6rende historie, starter like etter krigen og har sitt utspring i at det ble bestemt at det skulle bygges en stor sentralinstitusjon for psykisk utviklingshemmede i [&hellip;]<\/p>\n","protected":false},"author":1,"featured_media":0,"parent":0,"menu_order":0,"comment_status":"closed","ping_status":"closed","template":"tpl-side-menu.php","meta":{"_acf_changed":false,"footnotes":""},"class_list":["post-25","page","type-page","status-publish","hentry"],"acf":[],"_links":{"self":[{"href":"https:\/\/selli.no\/index.php?rest_route=\/wp\/v2\/pages\/25","targetHints":{"allow":["GET"]}}],"collection":[{"href":"https:\/\/selli.no\/index.php?rest_route=\/wp\/v2\/pages"}],"about":[{"href":"https:\/\/selli.no\/index.php?rest_route=\/wp\/v2\/types\/page"}],"author":[{"embeddable":true,"href":"https:\/\/selli.no\/index.php?rest_route=\/wp\/v2\/users\/1"}],"replies":[{"embeddable":true,"href":"https:\/\/selli.no\/index.php?rest_route=%2Fwp%2Fv2%2Fcomments&post=25"}],"version-history":[{"count":2,"href":"https:\/\/selli.no\/index.php?rest_route=\/wp\/v2\/pages\/25\/revisions"}],"predecessor-version":[{"id":1556,"href":"https:\/\/selli.no\/index.php?rest_route=\/wp\/v2\/pages\/25\/revisions\/1556"}],"wp:attachment":[{"href":"https:\/\/selli.no\/index.php?rest_route=%2Fwp%2Fv2%2Fmedia&parent=25"}],"curies":[{"name":"wp","href":"https:\/\/api.w.org\/{rel}","templated":true}]}}