
{"id":264,"date":"2023-11-22T13:25:22","date_gmt":"2023-11-22T12:25:22","guid":{"rendered":"http:\/\/asterix.klappmedia.no\/selli\/?page_id=264"},"modified":"2026-04-30T13:02:32","modified_gmt":"2026-04-30T11:02:32","slug":"kreft","status":"publish","type":"page","link":"https:\/\/selli.no\/?page_id=264","title":{"rendered":"Kreftsykdom"},"content":{"rendered":"<p>Kreft er en sykdom som ber\u00f8rer mange og som kommer til \u00e5 ber\u00f8re enda flere i fremtiden. Selv om forekomsten av kreft \u00f8ker, er det stadig flere som blir friske og mange av de som har kreft lever lengre og har h\u00f8yere livskvalitet enn tidligere.<\/p>\n<p>&nbsp;<\/p>\n<p>Behovet for rehabilitering under og etter kreftsykdom er individuelt. Det er flere faktorer som har betydning for rehabiliteringsbehovet, som hvilken kreftform du har, valg av behandlingsmetode, din helse og livssituasjon.<\/p>\n<p>&nbsp;<\/p>\n<p><strong>Hvem kan s\u00f8ke?<\/strong><\/p>\n<p>V\u00e5rt rehabiliteringstilbud er for deg som:<\/p>\n<ul>\n<li>Nylig har v\u00e6rt gjennom kreftsykdom<\/li>\n<li>Sliter med senskader etter kreftbehandling<\/li>\n<li>Har behov for rehabilitering som kan bidra til \u00f8kt mestring i hverdagen<\/li>\n<\/ul>\n<p>Du kan s\u00f8kes inn via fastlege eller direkte fra sykehus.<\/p>\n<p>&nbsp;<\/p>\n<p><strong>Rehabiliteringsopphold<\/strong><\/p>\n<p>Vi tilbyr b\u00e5de d\u00f8gn- og dagbasert rehabilitering til kreftpasienter. Du kan s\u00f8kes inn p\u00e5 et individuelt opphold eller et gruppeopphold.<\/p>\n<p>&nbsp;<\/p>\n<p><em>Individuelt opphold<\/em><\/p>\n<p>Inntaket er individuelt og foreg\u00e5r fortl\u00f8pende gjennom \u00e5ret. De fleste rehabiliteringsaktivitetene vil foreg\u00e5 i gruppe med andre pasienter. Varigheten p\u00e5 oppholdet er i utgangspunktet satt til tre uker, men vurderes forl\u00f8pende ut i fra m\u00e5lsetting og behov i tverrfaglig team.<\/p>\n<p>&nbsp;<\/p>\n<p><em>Gruppeopphold<\/em><\/p>\n<p>Vi har planlagte grupper gjennom \u00e5ret. Rehabiliteringsaktivitetene foreg\u00e5r i gruppe sammen med andre kreftpasienter. Varigheten p\u00e5 gruppeoppholdet er fastsatt til tre uker.<\/p>\n<p>&nbsp;<\/p>\n<p><strong>Grupperehabilitering 1. halvdel 2026<\/strong><\/p>\n<table width=\"708\">\n<tbody>\n<tr>\n<td width=\"299\">Uke<\/td>\n<td width=\"196\">Gruppe<\/td>\n<td width=\"205\">Dato<\/td>\n<\/tr>\n<tr>\n<td width=\"299\">4-7<\/td>\n<td width=\"196\">Gruppe 1<\/td>\n<td width=\"205\">21.01.26 &#8211; 11.02.26<\/td>\n<\/tr>\n<tr>\n<td width=\"299\">17-20<\/td>\n<td width=\"196\">Gruppe 2<\/td>\n<td width=\"205\">22.04.26 &#8211; 13.05.26<\/td>\n<\/tr>\n<\/tbody>\n<\/table>\n<p>&nbsp;<\/p>\n<p><strong>Grupperehabilitering 2. halvdel 2026<\/strong><\/p>\n<table width=\"708\">\n<tbody>\n<tr>\n<td width=\"299\">Uke<\/td>\n<td width=\"196\">Gruppe<\/td>\n<td width=\"205\">Dato<\/td>\n<\/tr>\n<tr>\n<td width=\"299\">32-35<\/td>\n<td width=\"196\">Gruppe 3<\/td>\n<td width=\"205\">03.08.26 \u2013 24.08.26<\/td>\n<\/tr>\n<tr>\n<td width=\"299\">41-44<\/td>\n<td width=\"196\">Gruppe 4<\/td>\n<td width=\"205\">14.09.26 \u2013 05.10.26<\/td>\n<\/tr>\n<\/tbody>\n<\/table>\n<p>&nbsp;<\/p>\n<p><em>Kreftteam<\/em><\/p>\n<p>V\u00e5rt team best\u00e5r av legespesialist, sykepleier, psykiatrisk sykepleier og fysioterapeut. Du f\u00e5r tildelt en egen rehabiliteringskoordinator og prim\u00e6rkontakt fra teamet ved ankomst som f\u00f8lger deg gjennom hele oppholdet.<\/p>\n<p>&nbsp;<\/p>\n<p><strong>Rehabiliteringsplan<\/strong><\/p>\n<p>Sammen med det tverrfaglige teamet vil du som pasient v\u00e6re med p\u00e5 \u00e5 utarbeide din egen rehabiliteringsplan som er tilpasset deg og dine behov. Vi har et variert utvalg av rehabiliteringsaktiviteter som omfatter fysiske, sosiale, psykososiale og medisinske aspekter.<\/p>\n<p>&nbsp;<\/p>\n<p>Et utvalg av de ulike rehabiliteringstiltakene i kreftrehabiliteringen kan v\u00e6re;<\/p>\n<ul>\n<li>Undervisninger fra flere faggrupper i ulike tema som <em>mestringsstrategier, utmattelse, treningsprinsipper, senskader<\/em><\/li>\n<li>Variert utvalgt av gruppetreninger; <em>styrke- og utholdenhetstrening, sirkeltrening, mobilitet og avspenning, samt utend\u00f8rs fysisk og sosial aktivitet<\/em><\/li>\n<li>R\u00e5d og veiledning i ern\u00e6ring og kosthold<\/li>\n<li>Refleksjonsgrupper med tematikk som for eksempel seksualitet og samliv<\/li>\n<li>Hjelp til \u00e5 h\u00e5ndtere evt. senskader etter kreftbehandling<\/li>\n<li>R\u00e5d og veiledning rettet mot utfordringer som f.eks. utmattelse<\/li>\n<li>Informasjon og involvering av p\u00e5r\u00f8rende<\/li>\n<\/ul>\n<p><strong>Priser og praktisk informasjon<\/strong><\/p>\n<p>Alle pasienter betaler en egenandel p\u00e5 kr. 163,-\/ d\u00f8gn. Egenandel betales opp til egenandelstaket som pr. 1. januar 2026 er kr. 3 278,-<\/p>\n<p>&nbsp;<\/p>\n<p>Trykk p\u00e5 <a href=\"https:\/\/selli.no\/?page_id=456\">denne linken<\/a> for ytterligere praktisk informasjon.<\/p>\n","protected":false},"excerpt":{"rendered":"<p>Behandling av b\u00e5de opererte og ikke-opererte pasienter<\/p>\n","protected":false},"author":1,"featured_media":0,"parent":255,"menu_order":0,"comment_status":"closed","ping_status":"closed","template":"tpl-side-menu.php","meta":{"_acf_changed":false,"footnotes":""},"class_list":["post-264","page","type-page","status-publish","hentry"],"acf":[],"_links":{"self":[{"href":"https:\/\/selli.no\/index.php?rest_route=\/wp\/v2\/pages\/264","targetHints":{"allow":["GET"]}}],"collection":[{"href":"https:\/\/selli.no\/index.php?rest_route=\/wp\/v2\/pages"}],"about":[{"href":"https:\/\/selli.no\/index.php?rest_route=\/wp\/v2\/types\/page"}],"author":[{"embeddable":true,"href":"https:\/\/selli.no\/index.php?rest_route=\/wp\/v2\/users\/1"}],"replies":[{"embeddable":true,"href":"https:\/\/selli.no\/index.php?rest_route=%2Fwp%2Fv2%2Fcomments&post=264"}],"version-history":[{"count":5,"href":"https:\/\/selli.no\/index.php?rest_route=\/wp\/v2\/pages\/264\/revisions"}],"predecessor-version":[{"id":1709,"href":"https:\/\/selli.no\/index.php?rest_route=\/wp\/v2\/pages\/264\/revisions\/1709"}],"up":[{"embeddable":true,"href":"https:\/\/selli.no\/index.php?rest_route=\/wp\/v2\/pages\/255"}],"wp:attachment":[{"href":"https:\/\/selli.no\/index.php?rest_route=%2Fwp%2Fv2%2Fmedia&parent=264"}],"curies":[{"name":"wp","href":"https:\/\/api.w.org\/{rel}","templated":true}]}}

<p>Kreft er en sykdom som berører mange og som kommer til å berøre enda flere i fremtiden. Selv om forekomsten av kreft øker, er det stadig flere som blir friske og mange av de som har kreft lever lengre og har høyere livskvalitet enn tidligere.</p>
<p>&nbsp;</p>
<p>Behovet for rehabilitering under og etter kreftsykdom er individuelt. Det er flere faktorer som har betydning for rehabiliteringsbehovet, som hvilken kreftform du har, valg av behandlingsmetode, din helse og livssituasjon.</p>
<p>&nbsp;</p>
<p><strong>Hvem kan søke?</strong></p>
<p>Vårt rehabiliteringstilbud er for deg som:</p>
<ul>
<li>Nylig har vært gjennom kreftsykdom</li>
<li>Sliter med senskader etter kreftbehandling</li>
<li>Har behov for rehabilitering som kan bidra til økt mestring i hverdagen</li>
</ul>
<p>Du kan søkes inn via fastlege eller direkte fra sykehus.</p>
<p>&nbsp;</p>
<p><strong>Rehabiliteringsopphold</strong></p>
<p>Vi tilbyr både døgn- og dagbasert rehabilitering til kreftpasienter. Du kan søkes inn på et individuelt opphold eller et gruppeopphold.</p>
<p>&nbsp;</p>
<p><em>Individuelt opphold</em></p>
<p>Inntaket er individuelt og foregår fortløpende gjennom året. De fleste rehabiliteringsaktivitetene vil foregå i gruppe med andre pasienter. Varigheten på oppholdet er i utgangspunktet satt til tre uker, men vurderes forløpende ut i fra målsetting og behov i tverrfaglig team.</p>
<p>&nbsp;</p>
<p><em>Gruppeopphold</em></p>
<p>Vi har planlagte grupper gjennom året. Rehabiliteringsaktivitetene foregår i gruppe sammen med andre kreftpasienter. Varigheten på gruppeoppholdet er fastsatt til tre uker.</p>
<p>&nbsp;</p>
<p><strong>Grupperehabilitering 1. halvdel 2026</strong></p>
<table width="708">
<tbody>
<tr>
<td width="299">Uke</td>
<td width="196">Gruppe</td>
<td width="205">Dato</td>
</tr>
<tr>
<td width="299">4-7</td>
<td width="196">Gruppe 1</td>
<td width="205">21.01.26 &#8211; 11.02.26</td>
</tr>
<tr>
<td width="299">17-20</td>
<td width="196">Gruppe 2</td>
<td width="205">22.04.26 &#8211; 13.05.26</td>
</tr>
</tbody>
</table>
<p>&nbsp;</p>
<p><strong>Grupperehabilitering 2. halvdel 2026</strong></p>
<table width="708">
<tbody>
<tr>
<td width="299">Uke</td>
<td width="196">Gruppe</td>
<td width="205">Dato</td>
</tr>
<tr>
<td width="299">32-35</td>
<td width="196">Gruppe 3</td>
<td width="205">03.08.26 – 24.08.26</td>
</tr>
<tr>
<td width="299">41-44</td>
<td width="196">Gruppe 4</td>
<td width="205">14.09.26 – 05.10.26</td>
</tr>
</tbody>
</table>
<p>&nbsp;</p>
<p><em>Kreftteam</em></p>
<p>Vårt team består av legespesialist, sykepleier, psykiatrisk sykepleier og fysioterapeut. Du får tildelt en egen rehabiliteringskoordinator og primærkontakt fra teamet ved ankomst som følger deg gjennom hele oppholdet.</p>
<p>&nbsp;</p>
<p><strong>Rehabiliteringsplan</strong></p>
<p>Sammen med det tverrfaglige teamet vil du som pasient være med på å utarbeide din egen rehabiliteringsplan som er tilpasset deg og dine behov. Vi har et variert utvalg av rehabiliteringsaktiviteter som omfatter fysiske, sosiale, psykososiale og medisinske aspekter.</p>
<p>&nbsp;</p>
<p>Et utvalg av de ulike rehabiliteringstiltakene i kreftrehabiliteringen kan være;</p>
<ul>
<li>Undervisninger fra flere faggrupper i ulike tema som <em>mestringsstrategier, utmattelse, treningsprinsipper, senskader</em></li>
<li>Variert utvalgt av gruppetreninger; <em>styrke- og utholdenhetstrening, sirkeltrening, mobilitet og avspenning, samt utendørs fysisk og sosial aktivitet</em></li>
<li>Råd og veiledning i ernæring og kosthold</li>
<li>Refleksjonsgrupper med tematikk som for eksempel seksualitet og samliv</li>
<li>Hjelp til å håndtere evt. senskader etter kreftbehandling</li>
<li>Råd og veiledning rettet mot utfordringer som f.eks. utmattelse</li>
<li>Informasjon og involvering av pårørende</li>
</ul>
<p><strong>Priser og praktisk informasjon</strong></p>
<p>Alle pasienter betaler en egenandel på kr. 163,-/ døgn. Egenandel betales opp til egenandelstaket som pr. 1. januar 2026 er kr. 3 278,-</p>
<p>&nbsp;</p>
<p>Trykk på <a href="https://selli.no/?page_id=456">denne linken</a> for ytterligere praktisk informasjon.</p>

<p>Behandling av både opererte og ikke-opererte pasienter</p>
