
{"id":872,"date":"2015-03-12T12:30:12","date_gmt":"2015-03-12T11:30:12","guid":{"rendered":"http:\/\/selli.no\/?page_id=872"},"modified":"2015-03-12T12:30:12","modified_gmt":"2015-03-12T11:30:12","slug":"selli-i-media","status":"publish","type":"page","link":"https:\/\/selli.no\/?page_id=872","title":{"rendered":"Selli i media"},"content":{"rendered":"<p><a href=\"https:\/\/selli.no\/app\/uploads\/2015\/03\/12_pdfsam_Hjerte_Kar_.pdf\" target=\"_blank\" rel=\"noopener\">Dagbladet 2015<\/a><\/p>\n<p>&nbsp;<\/p>\n<p><a title=\"Erna Solberg p\u00e5 Selli\" href=\"https:\/\/selli.no\/app\/uploads\/2015\/03\/ADB271010-Erna-Solberg.pdf\" target=\"_blank\" rel=\"noopener\">Erna Solberg side 1<\/a><\/p>\n<p><a href=\"https:\/\/selli.no\/app\/uploads\/2015\/03\/ADB271010-Erna-Solberg-side-2.pdf\" target=\"_blank\" rel=\"noopener\">Erna Solberg side 2<\/a><\/p>\n<p>&nbsp;<\/p>\n<p><a href=\"https:\/\/selli.no\/app\/uploads\/2015\/03\/KP14-Lavt-sykefravaer.pdf\" target=\"_blank\" rel=\"noopener\">Lavt sykefrav\u00e6r<\/a><\/p>\n<p>&nbsp;<\/p>\n<p><a href=\"https:\/\/selli.no\/app\/uploads\/2015\/03\/Takk-til-Selli-januar-2013.pdf\" target=\"_blank\" rel=\"noopener\">Takk til Selli januar 2013<\/a><\/p>\n<p>&nbsp;<\/p>\n<p><a href=\"https:\/\/selli.no\/app\/uploads\/2015\/03\/SveinHakercomeback.pdf\" target=\"_blank\" rel=\"noopener\">Comeback i alpinbakken<\/a><\/p>\n<p>&nbsp;<\/p>\n<p><a href=\"https:\/\/selli.no\/app\/uploads\/2014\/06\/ADB101011-1-006-carosio.pdf\" target=\"_blank\" rel=\"noopener\">Fikk livet \u00f8delagt av promillekj\u00f8rer side 1<\/a><\/p>\n<p><a href=\"https:\/\/selli.no\/app\/uploads\/2014\/06\/ADB101011-1-007-Carosio.pdf\" target=\"_blank\" rel=\"noopener\">Fikk livet \u00f8delagt av promillekj\u00f8rer side 2<\/a><\/p>\n<p>&nbsp;<\/p>\n<p>&nbsp;<\/p>\n","protected":false},"excerpt":{"rendered":"<p>Dagbladet 2015 &nbsp; Erna Solberg side 1 Erna Solberg side 2 &nbsp; Lavt sykefrav\u00e6r &nbsp; Takk til Selli januar 2013 &nbsp; Comeback i alpinbakken &nbsp; Fikk livet \u00f8delagt av promillekj\u00f8rer side 1 Fikk livet \u00f8delagt av promillekj\u00f8rer side 2 &nbsp; &nbsp;<\/p>\n","protected":false},"author":4,"featured_media":0,"parent":25,"menu_order":0,"comment_status":"closed","ping_status":"closed","template":"tpl-side-menu.php","meta":{"_acf_changed":false,"footnotes":""},"class_list":["post-872","page","type-page","status-publish","hentry"],"acf":[],"_links":{"self":[{"href":"https:\/\/selli.no\/index.php?rest_route=\/wp\/v2\/pages\/872","targetHints":{"allow":["GET"]}}],"collection":[{"href":"https:\/\/selli.no\/index.php?rest_route=\/wp\/v2\/pages"}],"about":[{"href":"https:\/\/selli.no\/index.php?rest_route=\/wp\/v2\/types\/page"}],"author":[{"embeddable":true,"href":"https:\/\/selli.no\/index.php?rest_route=\/wp\/v2\/users\/4"}],"replies":[{"embeddable":true,"href":"https:\/\/selli.no\/index.php?rest_route=%2Fwp%2Fv2%2Fcomments&post=872"}],"version-history":[{"count":0,"href":"https:\/\/selli.no\/index.php?rest_route=\/wp\/v2\/pages\/872\/revisions"}],"up":[{"embeddable":true,"href":"https:\/\/selli.no\/index.php?rest_route=\/wp\/v2\/pages\/25"}],"wp:attachment":[{"href":"https:\/\/selli.no\/index.php?rest_route=%2Fwp%2Fv2%2Fmedia&parent=872"}],"curies":[{"name":"wp","href":"https:\/\/api.w.org\/{rel}","templated":true}]}}

<p><a href="https://selli.no/app/uploads/2015/03/12_pdfsam_Hjerte_Kar_.pdf" target="_blank" rel="noopener">Dagbladet 2015</a></p>
<p>&nbsp;</p>
<p><a title="Erna Solberg på Selli" href="https://selli.no/app/uploads/2015/03/ADB271010-Erna-Solberg.pdf" target="_blank" rel="noopener">Erna Solberg side 1</a></p>
<p><a href="https://selli.no/app/uploads/2015/03/ADB271010-Erna-Solberg-side-2.pdf" target="_blank" rel="noopener">Erna Solberg side 2</a></p>
<p>&nbsp;</p>
<p><a href="https://selli.no/app/uploads/2015/03/KP14-Lavt-sykefravaer.pdf" target="_blank" rel="noopener">Lavt sykefravær</a></p>
<p>&nbsp;</p>
<p><a href="https://selli.no/app/uploads/2015/03/Takk-til-Selli-januar-2013.pdf" target="_blank" rel="noopener">Takk til Selli januar 2013</a></p>
<p>&nbsp;</p>
<p><a href="https://selli.no/app/uploads/2015/03/SveinHakercomeback.pdf" target="_blank" rel="noopener">Comeback i alpinbakken</a></p>
<p>&nbsp;</p>
<p><a href="https://selli.no/app/uploads/2014/06/ADB101011-1-006-carosio.pdf" target="_blank" rel="noopener">Fikk livet ødelagt av promillekjører side 1</a></p>
<p><a href="https://selli.no/app/uploads/2014/06/ADB101011-1-007-Carosio.pdf" target="_blank" rel="noopener">Fikk livet ødelagt av promillekjører side 2</a></p>
<p>&nbsp;</p>
<p>&nbsp;</p>

<p>Dagbladet 2015 &nbsp; Erna Solberg side 1 Erna Solberg side 2 &nbsp; Lavt sykefravær &nbsp; Takk til Selli januar 2013 &nbsp; Comeback i alpinbakken &nbsp; Fikk livet ødelagt av promillekjører side 1 Fikk livet ødelagt av promillekjører side 2 &nbsp; &nbsp;</p>
